 + 26 - 125 = 0. Suppose 3*c = 6*c - f. What are the prime factors of c?
11
Suppose -2*v - 414 = -2*h - 152, 4*h + 4*v = 532. List the prime factors of h.
2, 3, 11
What are the prime factors of 33 - 35 - (-190 + 0 - 1)?
3, 7
List the prime factors of 6/(-14) + (-1224)/(-14).
3, 29
Let h(w) = 13*w + 2. Let q be h(3). Let o = -5 + q. What are the prime factors of o?
2, 3
Let m = -15 - -63. What are the prime factors of m?
2, 3
Let a(q) = 2*q + 10. Let t be a(9). What are the prime factors of (t/1 - -2) + -1?
29
List the prime factors of -57*((-6)/10 - 36/15).
3, 19
Let i(f) be the third derivative of f**4/24 + 10*f**3/3 - 4*f**2. List the prime factors of i(0).
2, 5
Let d = -442 + 743. What are the prime factors of d?
7, 43
Let n(h) = -2*h**2 - 17*h + 9. What are the prime factors of n(-8)?
17
Suppose 0 = -5*i + 118 + 217. List the prime factors of i.
67
What are the prime factors of -5 + 142/4*4?
137
Let v(r) = r - 3. Let a be v(4). Let g be (-31 - a)*(-1)/(-2). Let s = 28 + g. List the prime factors of s.
2, 3
Suppose 0 = 5*y - 3*y - 100. What are the prime factors of y?
2, 5
Let n(f) = -3 - f + 2*f + 0 + 10. What are the prime factors of n(6)?
13
Let x(f) = -f**2 + 3. Let g be x(3). Let v = 9 - g. What are the prime factors of v?
3, 5
Let k = 8 + -5. Suppose -5*l = -4*w - 25, 4*w + 19 = k*l + 4. What are the prime factors of (-7)/(-1 + 0 - w)?
7
Let r = 73 - 69. What are the prime factors of r?
2
Let l = -16 + 8. Suppose m = o - 2 + 1, -3*m - 4*o - 24 = 0. What are the prime factors of (l/(-12))/(m/(-18))?
3
List the prime factors of -63*((-3)/((-1)/(-1)) + 1).
2, 3, 7
Suppose 4*r + 100 = -2*z + 360, 0 = -2*r + 2*z + 136. List the prime factors of r.
2, 3, 11
Suppose -14 = -g - 3*n, -3*g - 2*g - n = 0. List the prime factors of 5*3 + -1 + g.
13
Let b(i) = 25*i**2 + 13*i + 5. Let g(u) = 6*u**2 + 3*u + 1. Let h(l) = -2*b(l) + 9*g(l). List the prime factors of h(-2).
13
Suppose 0 = -i + 2*i + 2*d - 13, -3*d + 30 = 2*i. What are the prime factors of i?
3, 7
Let v(n) = 12*n + 1. Let s be v(-1). Let a = -7 - s. List the prime factors of a.
2
Suppose 0 = j - 2*d - 6, -3*j = 2*j - 5*d - 35. Let z be ((-282)/9)/((-2)/3). Suppose 3*m = -j + z. List the prime factors of m.
13
Let q(g) = -g**3 - 15*g**2 + 7*g - 1. Let v(w) = -w**3 - 16*w**2 + 6*w - 1. Let p(b) = -6*q(b) + 5*v(b). What are the prime factors of p(-11)?
2, 3
What are the prime factors of (-58)/(4*(-3)/6)?
29
Let m = 13 + 20. List the prime factors of m.
3, 11
Let w(u) = -u**3 - 14*u**2 - 14*u - 18. Let f be w(-13). What are the prime factors of (-159)/f + (-4)/(-20)?
2
Suppose 61 = 2*m - c, -5*m + 3*c = c - 150. What are the prime factors of (m/(-6))/((-4)/6)?
7
Let r = 0 + -4. Let h be -2*(-1)/r*18. Let g = 21 + h. What are the prime factors of g?
2, 3
Let y = -11 - -8. Let f be ((-20)/y)/(-4)*3. Let p = f - -10. List the prime factors of p.
5
Let w = -2 - -4. Suppose -142 = -3*p - 0*p + w*u, -96 = -2*p + u. Suppose 4*j - 105 = -7*l + 2*l, -p = -2*j - 2*l. What are the prime factors of j?
2, 5
Let f be 2/(-4)*(-5 + 3). Let w be (3/(-4))/(f/(-36)). Let g = w - 18. What are the prime factors of g?
3
Let j(t) = -t**3 - 10*t**2 + 3. Let n = -5 - 5. What are the prime factors of j(n)?
3
Let k(j) = -j + 10. Let c be k(8). Suppose 4*h + g - 55 = 0, h - 5 = c*g + 11. What are the prime factors of h?
2, 7
Let u = -2 + 7. List the prime factors of u.
5
Suppose -16 = 6*p - 2*p, 0 = 2*n + 4*p - 92. Let l = -35 + n. What are the prime factors of l?
19
Let z(m) = -12*m. Let s be z(-1). List the prime factors of (-46)/(-3) + (-4)/s.
3, 5
Let w(g) be the second derivative of 0 - 3/2*g**2 + 5/6*g**3 + 2*g - 1/12*g**4. List the prime factors of w(3).
3
Suppose 3*r = 2*r. Let l = -18 + r. What are the prime factors of l/5*25/(-10)?
3
Let p(o) = o**3 + 5*o**2 + 2*o + 3. Let m = 4 + -8. What are the prime factors of p(m)?
11
Let g be -2*2*(-1 + 3). Let n be (-2)/(-3) - (-80)/(-12). Let z = n - g. What are the prime factors of z?
2
Suppose 6*g - 11*g = -160. What are the prime factors of g?
2
Suppose 0 = 2*l + 82 - 10. What are the prime factors of 4/10 + l/(-10)?
2
Let j be 190/4 - 2/(-4). Let s = -11 + j. List the prime factors of s.
37
Let t(k) = k**2 - 7*k + 3. What are the prime factors of t(9)?
3, 7
List the prime factors of 4/(-3 - 32/(-10)).
2, 5
Let d = -2 + 91. What are the prime factors of d?
89
Suppose -3*r + 32 = 11. Let u = 12 - r. What are the prime factors of u?
5
Suppose -6*t + 4 + 44 = 0. What are the prime factors of t?
2
Suppose -3*c + 0 + 9 = 0. Suppose c*h + 85 = 8*h. What are the prime factors of h?
17
Suppose 0 = -5*y + 2*y - l + 149, -5*l - 137 = -3*y. What are the prime factors of y?
7
Let k(d) = -2*d - 14. Suppose 9*p - 4*p + 62 = -3*f, 0 = 5*f - 2*p + 62. What are the prime factors of k(f)?
2, 7
Let h = 5 - 2. What are the prime factors of (-4)/6 + 38/h?
2, 3
Suppose 5*f + 2*t = 41, 5*t - 5 = -2*f + 3. List the prime factors of f.
3
Let a(t) = t**2 - t - 4. What are the prime factors of a(6)?
2, 13
Let b = -6 + 7. Suppose 0*d = 4*p - d + 14, -p - 2*d + b = 0. List the prime factors of (-3)/(p/7)*1.
7
Let j(w) = 2*w - 10. Let a be j(7). Suppose a*t = 9*t - 4*u - 181, 4*t - 116 = -4*u. Suppose x - t = -2*x. What are the prime factors of x?
11
Let q be (0 - -4)*4/8. Suppose -i - 15 = -2*w + 5, 2*i = -q*w + 14. List the prime factors of w.
3
Let i be 6/3 - -1*17. Let u = i + -13. List the prime factors of u.
2, 3
Let s = -1 + 6. Suppose -18 = -s*w - 2*b - 0*b, b - 15 = -4*w. What are the prime factors of w?
2
Let i(m) = 3*m**2 - 9*m + 5. What are the prime factors of i(5)?
5, 7
Suppose -x = -14 + 55. Let y be 5/20 + x/4. Let r = 15 + y. What are the prime factors of r?
5
Let o be (6/(-15))/(3/(-225)). Let k = -3 + o. List the prime factors of k.
3
Let y be (6/(-4))/(3/(-4)). Suppose 3*u - 77 = -5*w, y*w - 3*u - 2 = 12. What are the prime factors of w?
13
Let p(y) be the first derivative of -2*y**2 - 2. Let j(v) = -v**2 + v - 1. Let r be j(1). What are the prime factors of p(r)?
2
Let y = -8 - -14. List the prime factors of 178/6 + y/(-9).
29
Suppose -1 + 13 = 4*o. Suppose h + 393 = -2*g, o*g + 3*h + 419 + 178 = 0. What are the prime factors of g/(-18) + (-2)/(-9)?
11
Let i be (-180)/27 - 2/(-3). Let d = 9 + i. List the prime factors of d.
3
Suppose -6*s = -4*s - 32. What are the prime factors of s?
2
Suppose f + 3*m = 136 + 1, 3*m - 521 = -4*f. List the prime factors of f.
2
Let b(j) = -16*j + 17. List the prime factors of b(-6).
113
Suppose 16 = -5*m + 2*m + 2*z, -5*m = -4*z + 30. List the prime factors of m/(-4)*2*6.
2, 3
Let g = -12 + 20. Let i(c) = c**3 - 8*c**2 + 6*c - 8. List the prime factors of i(g).
2, 5
Suppose 83 = 5*h + b, 3*b = -4*h - b + 76. Suppose -2*n - 2*n = 80. What are the prime factors of (-8)/n - h/(-10)?
2
Let s = -16 - -12. Let j = 3 - s. What are the prime factors of j?
7
Let t(n) = n**3 + 5*n**2 + 6*n + 7. Let v be t(5). Suppose -v = -5*h - 27. Suppose 2*w + 4*l = 5*w - h, -5*l = w + 8. What are the prime factors of w?
2, 3
Let z(m) = m - 3. Let r be z(4). Suppose -p = -r, p + 22 = 4*i + 3*p. Suppose 4*b = c + 8, 3*b - 39 = -4*c + i. List the prime factors of c.
2
Let q(a) = 9*a - 36. List the prime factors of q(8).
2, 3
Let p(b) = -6*b**3 + 4*b**2 + 5*b + 7. What are the prime factors of p(-3)?
2, 5, 19
Let t(w) = -w**2 - 8*w - 8. Let o be t(-6). Suppose -l + 2*g = 4*g - 15, o = g. Suppose l*k = 2*k + 15. List the prime factors of k.
3
Let v be 5 + (-1)/(1 - 0). Let f(k) = 5*k + 5. List the prime factors of f(v).
5
Let x be -2 + 2 + 1 + -1. What are the prime factors of (1 - x/(-1)) + 3?
2
Let d be 16/(-4)*1/(-2). Suppose -12 = -4*t + 5*i, 0 = d*t - 5*t - 4*i + 9. What are the prime factors of t?
3
Let n = 0 - -1. Let r(l) = 11*l**3 + 2*l**2 - l. List the prime factors of r(n).
2, 3
Let v be 1*(-1 - (2 + -3)). Suppose v*p = -3*p + 192. Suppose i = -5*m + p, 0 = 2*m - m + 2*i - 11. List the prime factors of m.
13
Let w(q) = 4*q - 2. Let i be w(-2). Let n = i - -12. What are the prime factors of n?
2
Suppose -4*o - 5 = -3*o. Let q(d) = d**2 + 4*d + 1. Let i be q(o). Let l(z) = -z**3 + 6*z**2 + 2*z - 5. List the prime factors of l(i).
7
Suppose -3*j + 46 = -j. Let h be 3/12 + j/4. Suppose -h*r + 3*r + 48 = 0. What are the prime factors of r?
2
Let c(l) = -l**